5101
List the prime factors of 1125394.
2, 97, 5801
What are the prime factors of 10907613?
3, 757, 1601
List the prime factors of 1926349.
797, 2417
What are the prime factors of 329317?
329317
What are the prime factors of 27855976?
2, 19, 183263
What are the prime factors of 694462?
2, 23, 31, 487
What are the prime factors of 925580?
2, 5, 46279
What are the prime factors of 23154480?
2, 3, 5, 32159
What are the prime factors of 244381?
244381
What are the prime factors of 1440676?
2, 360169
List the prime factors of 1341292.
2, 335323
List the prime factors of 15388574.
2, 7694287
What are the prime factors of 2517185?
5, 11, 45767
List the prime factors of 8677151.
7, 1239593
List the prime factors of 66582.
2, 3, 137
List the prime factors of 140287.
7, 409
What are the prime factors of 4524646?
2, 7, 79, 4091
List the prime factors of 28830019.
28830019
What are the prime factors of 2491600?
2, 5, 6229
What are the prime factors of 2358182?
2, 53, 22247
List the prime factors of 218320.
2, 5, 2729
What are the prime factors of 8473222?
2, 37, 67, 1709
What are the prime factors of 1270108?
2, 7, 45361
List the prime factors of 15060.
2, 3, 5, 251
What are the prime factors of 170252?
2, 31, 1373
What are the prime factors of 941054?
2, 83, 5669
List the prime factors of 43349.
67, 647
List the prime factors of 6077075.
5, 17, 79, 181
What are the prime factors of 224078?
2, 181, 619
What are the prime factors of 134240?
2, 5, 839
List the prime factors of 102878.
2, 51439
List the prime factors of 2406098.
2, 347, 3467
What are the prime factors of 1630354?
2, 11, 6737
List the prime factors of 144405.
3, 5, 3209
What are the prime factors of 112162?
2, 56081
List the prime factors of 9166568.
2, 43, 26647
List the prime factors of 6791963.
6791963
List the prime factors of 36794.
2, 18397
What are the prime factors of 270033?
3, 90011
What are the prime factors of 1587900?
2, 3, 5, 67, 79
List the prime factors of 2618769.
3, 872923
List the prime factors of 38142563.
53, 719671
List the prime factors of 556240.
2, 5, 17, 409
List the prime factors of 10936365.
3, 5, 11, 79, 839
What are the prime factors of 91187?
67, 1361
What are the prime factors of 7511671?
17, 131, 3373
List the prime factors of 65755.
5, 13151
List the prime factors of 2723282.
2, 67, 20323
List the prime factors of 186701.
186701
List the prime factors of 286736.
2, 17921
List the prime factors of 497567.
7, 71081
What are the prime factors of 113831?
89, 1279
List the prime factors of 2180020.
2, 5, 109001
List the prime factors of 2944799.
11, 13, 20593
List the prime factors of 479370.
2, 3, 5, 19, 29
What are the prime factors of 15209502?
2, 3, 7, 11, 4703
What are the prime factors of 312268?
2, 11, 47, 151
List the prime factors of 2716923.
3, 11, 17, 29, 167
List the prime factors of 627794.
2, 313897
List the prime factors of 2226312.
2, 3, 11, 937
List the prime factors of 134758.
2, 13, 71, 73
List the prime factors of 3319617.
3, 7, 158077
What are the prime factors of 269965?
5, 53993
List the prime factors of 320266.
2, 79, 2027
What are the prime factors of 840093?
3, 280031
What are the prime factors of 15763076?
2, 7, 562967
What are the prime factors of 5305835?
5, 523, 2029
What are the prime factors of 263772?
2, 3, 17, 431
What are the prime factors of 1099362?
2, 3, 11, 16657
What are the prime factors of 24904740?
2, 3, 5, 7, 43, 197
What are the prime factors of 35360789?
37, 955697
What are the prime factors of 418903?
31, 13513
List the prime factors of 2646768.
2, 3, 67, 823
List the prime factors of 1156089.
3, 11, 53, 661
What are the prime factors of 1867837?
41, 45557
What are the prime factors of 525583?
525583
What are the prime factors of 2268299?
11, 206209
List the prime factors of 432762.
2, 3, 11, 79, 83
What are the prime factors of 152806?
2, 76403
List the prime factors of 1264462.
2, 632231
List the prime factors of 510005.
5, 102001
What are the prime factors of 1067315?
5, 23, 9281
What are the prime factors of 855776?
2, 47, 569
What are the prime factors of 7524838?
2, 37, 61, 1667
What are the prime factors of 21265684?
2, 11, 479, 1009
What are the prime factors of 30043?
13, 2311
List the prime factors of 146918.
2, 73459
What are the prime factors of 89531?
13, 71, 97
List the prime factors of 6585234.
2, 3, 1097539
List the prime factors of 370585.
5, 137, 541
What are the prime factors of 34647?
3, 11549
List the prime factors of 3212927.
3212927
List the prime factors of 291274.
2, 145637
What are the prime factors of 133273?
7, 79, 241
What are the prime factors of 2296085?
5, 11, 109, 383
What are the prime factors of 1135885?
5, 227177
What are the prime factors of 23595457?
47, 59, 67, 127
List the prime factors of 10517443.
41, 71, 3613
What are the prime factors of 270309?
3, 13, 29, 239
What are the prime factors of 124388?
2, 11, 257
List the prime factors of 125848.
2, 15731
List the prime factors of 929883.
3, 17, 18233
List the prime factors of 279161.
131, 2131
List the prime factors of 8903298.
2, 3, 1483883
List the prime factors of 26412455.
5, 5282491
What are the prime factors of 7156823?
29, 246787
What are the prime factors of 24064?
2, 47
What are the prime factors of 562954?
2, 7, 79, 509
What are the prime factors of 2035370?
2, 5, 37, 5501
List the prime factors of 475231.
41, 67, 173
What are the prime factors of 158499?
3, 11, 1601
What are the prime factors of 5095751?
37, 137723
List the prime factors of 3672200.
2, 5, 7, 43, 61
List the prime factors of 334619.
334619
What are the prime factors of 685036?
2, 11, 15569
What are the prime factors of 1378234?
2, 11, 13, 61, 79
What are the prime factors of 5073354?
2, 3, 11, 13, 73
List the prime factors of 11610962.
2, 11, 29, 18199
What are the prime factors of 447783?
3, 7, 21323
What are the prime factors of 838003?
838003
What are the prime factors of 24532?
2, 6133
List the prime factors of 8851023.
3, 983447
List the prime factors of 4613870.
2, 5, 223, 2069
List the prime factors of 3025642.
2, 389, 3889
List the prime factors of 2354450.
2, 5, 7, 31
List the prime factors of 1305396.
2, 3, 17, 79
List the prime factors of 9938003.
167, 59509
What are the prime factors of 35830936?
2, 59, 75913
List the prime factors of 8905221.
3, 13, 2819
What are the prime factors of 1196225?
5, 59, 811
List the prime factors of 116176.
2, 53, 137
List the prime factors of 31110.
2, 3, 5, 17, 61
What are the prime factors of 7038?
2, 3, 17, 23
What are the prime factors of 4034074?
2, 11, 29, 6323
What are the prime factors of 41297?
61, 677
List the prime factors of 6494654.
2, 71, 45737
List the prime factors of 2366925.
3, 5, 11, 19, 151
What are the prime factors of 1317027?
3, 439009
What are the prime factors of 3733574?
2, 13, 17, 8447
List the prime factors of 617531.
617531
What are the prime factors of 19679050?
2, 5, 393581
What are the prime factors of 113374?
2, 56687
List the prime factors of 2869945.
5, 13, 67, 659
What are the prime factors of 64471?
11, 5861
List the prime factors of 2639192.
2, 329899
List the prime factors of 817540.
2, 5, 41, 997
List the prime factors of 5531777.
5531777
What are the prime factors of 1387239?
3, 7, 9437
What are the prime factors of 7097900?
2, 5, 70979
List the prime factors of 8560022.
2, 4280011
List the prime factors of 474663.
3, 7, 3229
What are the prime factors of 5867633?
41, 143113
List the prime factors of 42566.
2, 21283
List the prime factors of 3423899.
3423899
List the prime factors of 417862.
2, 208931
What are the prime factors of 90284?
2, 22571
What are the prime factors of 8867373?
3, 103, 28697
List the prime factors of 11095736.
2, 67, 127, 163
List the prime factors of 2327727.
3, 59, 13151
What are the prime factors of 3222488?
2, 229, 1759
List the prime factors of 2845294.
2, 1422647
What are the prime factors of 4725295?
5, 945059
List the prime factors of 12313382.
2, 83, 74177
What are the prime factors of 456367?
456367
What are the prime factors of 1101396?
2, 3, 17, 5399
List the prime factors of 18312.
2, 3, 7, 109
What are the prime factors of 5068318?
2, 887, 2857
What are the prime factors of 15259993?
7, 73, 29863
List the prime factors of 5196